{"id":157,"date":"2019-11-05T17:38:40","date_gmt":"2019-11-05T17:38:40","guid":{"rendered":"http:\/\/biston-plin.com\/?page_id=157"},"modified":"2019-11-05T18:46:10","modified_gmt":"2019-11-05T18:46:10","slug":"o-nama","status":"publish","type":"page","link":"http:\/\/biston-plin.com\/index.php\/o-nama\/","title":{"rendered":"O NAMA"},"content":{"rendered":"\nG.S. Plin d.o.o. je poduze\u0107e s vi\u0161egodi\u0161njim iskustvom koje se bavi prodajom i distribucijom auto-plina, plinskih boca za ku\u0107anstvo i ugostiteljstvo, plinskih spremnika, tehni\u010dkih plinova za ugostiteljstvo te kamo opremom.\n<br><br>\nPoduze\u0107e djeluje na podru\u010dju Splitsko-dalmatinske i Dubrova\u010dko-neretvanske \u017eupanije, to\u010dnije na podru\u010dju od Splita do Opuzena. G.S. Plin d.o.o. privatno je poduze\u0107e osnovano 2003. godine sa sjedi\u0161tem u Bastu, op\u0107ina Ba\u0161ka \nVoda na adresi Bast 10A. Prema Zakonu o trgova\u010dkim dru\u0161tvima pravni oblik poduze\u0107a je dru\u0161tvo s ograni\u010denom odgovorno\u0161\u0107u. Tvrtka je registrirana u Trgova\u010dkom sudu u Splitu te se smatra malim poduzetnikom. Temeljni kapital poduze\u0107a je 90.000,00 kuna.\n<br><br>\n<b>Mati\u010dni broj upisa u sudski registar:<\/b> 060190730 <br>\n<b>OIB:<\/b> 49343760077 <br>\n<b>Sjedi\u0161te dru\u0161tva:<\/b> Bast 10, Ba\u0161ka Voda\n<br><br>\nPoduze\u0107e ima registrirane djelatnosti poput trgovine na veliko i malo plinom, kupnja i prodaja robe, trgova\u010dko posredovanje na doma\u0107em i inozemnom tr\u017ei\u0161tu, punjenje ukapljenog naftnog plina u plinske boce i spremnike, distribucija plina, opskrba plinom, prodaja i distribucija tehni\u010dkih plinova, atestiranje plinskih boca i plinskih posuda za automobile, ugradnja plinskih ure\u0111aja u motorna vozila.\n<br><br>\n<figure class=\"wp-block-image\"><img loading=\"lazy\" width=\"1024\" height=\"576\" src=\"http:\/\/biston-plin.com\/wp-content\/uploads\/2019\/11\/Dostava-plina-1024x576.png\" alt=\"\" class=\"wp-image-185\" srcset=\"http:\/\/biston-plin.com\/wp-content\/uploads\/2019\/11\/Dostava-plina-1024x576.png 1024w, http:\/\/biston-plin.com\/wp-content\/uploads\/2019\/11\/Dostava-plina-300x169.png 300w, http:\/\/biston-plin.com\/wp-content\/uploads\/2019\/11\/Dostava-plina-768x432.png 768w, http:\/\/biston-plin.com\/wp-content\/uploads\/2019\/11\/Dostava-plina.png 1280w\" sizes=\"(max-width: 1024px) 100vw, 1024px\" \/><\/figure>\nVizija dru\u0161tva je u skoroj budu\u0107nosti postati vode\u0107e trgova\u010dko dru\u0161tvo na podru\u010dju cijele Splitsko-dalmatinske i Dubrova\u010dko-neretvanske \u017eupanije kako u maloprodaji tako i u veleprodaji trgovine i distribucije UNP-om, koje u potpunosti ispunjava zahtjeve i o\u010dekivanja svih kupaca.\n<br><br>\nMisija poduze\u0107a je iskoristiti vlastite poslovne i stru\u010dne sposobnosti u svrhu unapre\u0111ivanja cjelovitog poslovanja. Tvrtka prioritet stavlja na zadovoljstvo svih svojih kupaca kao i svih poslovnih partnera s kojima sura\u0111uje, a \u0161to \u0107e dugoro\u010dno i kontinuirano rezultirati zadovoljstvom i koristi svim zaposlenicima kao i vlasnicima poduze\u0107a.\n<br><br>\nPoduze\u0107e G.S. Plin d.o.o. \u017eeli moderno i suvremeno poduze\u0107e koje raspola\u017ee sa svom suvremenom tehnologijom, a sve s ciljem olak\u0161avanja obavljanja poslova svim svojim zaposlenicima, kao i zadovoljavanja potreba svojih kupaca. Kako bi ispunilo svoju misiju, poduze\u0107e radi na pru\u017eanju kvalitetnih proizvoda i visoke razine usluge. Na temelju postavljene vizije i misije poduze\u0107e mo\u017ee planirati svoje poteze u budu\u0107nosti i definirati strategiju poduze\u0107a s ciljem uspje\u0161nog poslovanja u budu\u0107nosti. \n<br><br>\nStrategija poduze\u0107a G.S. Plin d.o.o. je kontinuirano razvijati ljudske potencijale, kao najva\u017eniji i klju\u010dan faktor konkurentske prednosti na tr\u017ei\u0161tu u dana\u0161njem svijetu i okolnostima. Poduze\u0107e tako\u0111er \u017eeli graditi dobre odnose s kupcima i poslovnim partnerima koji se temelje na uzajamnom \npovjerenju i dosljednosti kod ispunjavanja me\u0111usobnih obaveza. Svako poduze\u0107e, pa tako i G.S. Plin d.o.o. prati svoje rezultate poslovanja u svrhu dono\u0161enja strate\u0161kih i financijskih odluka za razdoblja u skoroj budu\u0107nosti te radi boljeg utvr\u0111ivanja tr\u017ei\u0161ne pozicije.\n","protected":false},"excerpt":{"rendered":"<p>G.S. Plin d.o.o. je poduze\u0107e s vi\u0161egodi\u0161njim iskustvom koje se bavi prodajom i distribucijom auto-plina, plinskih boca za ku\u0107anstvo i ugostiteljstvo, plinskih spremnika, tehni\u010dkih plinova za ugostiteljstvo te kamo opremom. Poduze\u0107e djeluje na podru\u010dju Splitsko-dalmatinske i Dubrova\u010dko-neretvanske \u017eupanije, to\u010dnije na podru\u010dju od Splita do Opuzena. G.S. Plin d.o.o. privatno je poduze\u0107e osnovano 2003. godine sa&#8230;<\/p>\n","protected":false},"author":1,"featured_media":185,"parent":0,"menu_order":0,"comment_status":"closed","ping_status":"closed","template":"","meta":[],"yoast_head":"<!-- This site is optimized with the Yoast SEO plugin v19.5.1 - https:\/\/yoast.com\/wordpress\/plugins\/seo\/ -->\n<title>G.S. PLIN d.o.o. - Biston plin | O NAMA<\/title>\n<meta name=\"robots\" content=\"index, follow, max-snippet:-1, max-image-preview:large, max-video-preview:-1\" \/>\n<link rel=\"canonical\" href=\"http:\/\/biston-plin.com\/index.php\/o-nama\/\" \/>\n<meta property=\"og:locale\" content=\"hr_HR\" \/>\n<meta property=\"og:type\" content=\"article\" \/>\n<meta property=\"og:title\" content=\"G.S. PLIN d.o.o. - Biston plin | O NAMA\" \/>\n<meta property=\"og:description\" content=\"G.S. Plin d.o.o. je poduze\u0107e s vi\u0161egodi\u0161njim iskustvom koje se bavi prodajom i distribucijom auto-plina, plinskih boca za ku\u0107anstvo i ugostiteljstvo, plinskih spremnika, tehni\u010dkih plinova za ugostiteljstvo te kamo opremom. Poduze\u0107e djeluje na podru\u010dju Splitsko-dalmatinske i Dubrova\u010dko-neretvanske \u017eupanije, to\u010dnije na podru\u010dju od Splita do Opuzena. G.S. Plin d.o.o. privatno je poduze\u0107e osnovano 2003. godine sa...\" \/>\n<meta property=\"og:url\" content=\"http:\/\/biston-plin.com\/index.php\/o-nama\/\" \/>\n<meta property=\"og:site_name\" content=\"G.S. PLIN d.o.o. - Biston plin\" \/>\n<meta property=\"article:modified_time\" content=\"2019-11-05T18:46:10+00:00\" \/>\n<meta property=\"og:image\" content=\"http:\/\/biston-plin.com\/wp-content\/uploads\/2019\/11\/Dostava-plina.png\" \/>\n\t<meta property=\"og:image:width\" content=\"1280\" \/>\n\t<meta property=\"og:image:height\" content=\"720\" \/>\n\t<meta property=\"og:image:type\" content=\"image\/png\" \/>\n<meta name=\"twitter:card\" content=\"summary\" \/>\n<meta name=\"twitter:label1\" content=\"Procijenjeno vrijeme \u010ditanja\" \/>\n\t<meta name=\"twitter:data1\" content=\"2 minute\" \/>\n<script type=\"application\/ld+json\" class=\"yoast-schema-graph\">{\"@context\":\"https:\/\/schema.org\",\"@graph\":[{\"@type\":\"WebPage\",\"@id\":\"http:\/\/biston-plin.com\/index.php\/o-nama\/\",\"url\":\"http:\/\/biston-plin.com\/index.php\/o-nama\/\",\"name\":\"G.S. PLIN d.o.o. - Biston plin | O NAMA\",\"isPartOf\":{\"@id\":\"https:\/\/biston-plin.com\/#website\"},\"datePublished\":\"2019-11-05T17:38:40+00:00\",\"dateModified\":\"2019-11-05T18:46:10+00:00\",\"breadcrumb\":{\"@id\":\"http:\/\/biston-plin.com\/index.php\/o-nama\/#breadcrumb\"},\"inLanguage\":\"hr\",\"potentialAction\":[{\"@type\":\"ReadAction\",\"target\":[\"http:\/\/biston-plin.com\/index.php\/o-nama\/\"]}]},{\"@type\":\"BreadcrumbList\",\"@id\":\"http:\/\/biston-plin.com\/index.php\/o-nama\/#breadcrumb\",\"itemListElement\":[{\"@type\":\"ListItem\",\"position\":1,\"name\":\"Po\u010detna stranica\",\"item\":\"https:\/\/biston-plin.com\/\"},{\"@type\":\"ListItem\",\"position\":2,\"name\":\"O NAMA\"}]},{\"@type\":\"WebSite\",\"@id\":\"https:\/\/biston-plin.com\/#website\",\"url\":\"https:\/\/biston-plin.com\/\",\"name\":\"G.S. PLIN d.o.o. - Biston plin\",\"description\":\"Prodaja i dostava plina\",\"potentialAction\":[{\"@type\":\"SearchAction\",\"target\":{\"@type\":\"EntryPoint\",\"urlTemplate\":\"https:\/\/biston-plin.com\/?s={search_term_string}\"},\"query-input\":\"required name=search_term_string\"}],\"inLanguage\":\"hr\"}]}<\/script>\n<!-- \/ Yoast SEO plugin. -->","yoast_head_json":{"title":"G.S. PLIN d.o.o. - Biston plin | O NAMA","robots":{"index":"index","follow":"follow","max-snippet":"max-snippet:-1","max-image-preview":"max-image-preview:large","max-video-preview":"max-video-preview:-1"},"canonical":"http:\/\/biston-plin.com\/index.php\/o-nama\/","og_locale":"hr_HR","og_type":"article","og_title":"G.S. PLIN d.o.o. - Biston plin | O NAMA","og_description":"G.S. Plin d.o.o. je poduze\u0107e s vi\u0161egodi\u0161njim iskustvom koje se bavi prodajom i distribucijom auto-plina, plinskih boca za ku\u0107anstvo i ugostiteljstvo, plinskih spremnika, tehni\u010dkih plinova za ugostiteljstvo te kamo opremom. Poduze\u0107e djeluje na podru\u010dju Splitsko-dalmatinske i Dubrova\u010dko-neretvanske \u017eupanije, to\u010dnije na podru\u010dju od Splita do Opuzena. G.S. Plin d.o.o. privatno je poduze\u0107e osnovano 2003. godine sa...","og_url":"http:\/\/biston-plin.com\/index.php\/o-nama\/","og_site_name":"G.S. PLIN d.o.o. - Biston plin","article_modified_time":"2019-11-05T18:46:10+00:00","og_image":[{"width":1280,"height":720,"url":"http:\/\/biston-plin.com\/wp-content\/uploads\/2019\/11\/Dostava-plina.png","type":"image\/png"}],"twitter_card":"summary","twitter_misc":{"Procijenjeno vrijeme \u010ditanja":"2 minute"},"schema":{"@context":"https:\/\/schema.org","@graph":[{"@type":"WebPage","@id":"http:\/\/biston-plin.com\/index.php\/o-nama\/","url":"http:\/\/biston-plin.com\/index.php\/o-nama\/","name":"G.S. PLIN d.o.o. - Biston plin | O NAMA","isPartOf":{"@id":"https:\/\/biston-plin.com\/#website"},"datePublished":"2019-11-05T17:38:40+00:00","dateModified":"2019-11-05T18:46:10+00:00","breadcrumb":{"@id":"http:\/\/biston-plin.com\/index.php\/o-nama\/#breadcrumb"},"inLanguage":"hr","potentialAction":[{"@type":"ReadAction","target":["http:\/\/biston-plin.com\/index.php\/o-nama\/"]}]},{"@type":"BreadcrumbList","@id":"http:\/\/biston-plin.com\/index.php\/o-nama\/#breadcrumb","itemListElement":[{"@type":"ListItem","position":1,"name":"Po\u010detna stranica","item":"https:\/\/biston-plin.com\/"},{"@type":"ListItem","position":2,"name":"O NAMA"}]},{"@type":"WebSite","@id":"https:\/\/biston-plin.com\/#website","url":"https:\/\/biston-plin.com\/","name":"G.S. PLIN d.o.o. - Biston plin","description":"Prodaja i dostava plina","potentialAction":[{"@type":"SearchAction","target":{"@type":"EntryPoint","urlTemplate":"https:\/\/biston-plin.com\/?s={search_term_string}"},"query-input":"required name=search_term_string"}],"inLanguage":"hr"}]}},"_links":{"self":[{"href":"http:\/\/biston-plin.com\/index.php\/wp-json\/wp\/v2\/pages\/157"}],"collection":[{"href":"http:\/\/biston-plin.com\/index.php\/wp-json\/wp\/v2\/pages"}],"about":[{"href":"http:\/\/biston-plin.com\/index.php\/wp-json\/wp\/v2\/types\/page"}],"author":[{"embeddable":true,"href":"http:\/\/biston-plin.com\/index.php\/wp-json\/wp\/v2\/users\/1"}],"replies":[{"embeddable":true,"href":"http:\/\/biston-plin.com\/index.php\/wp-json\/wp\/v2\/comments?post=157"}],"version-history":[{"count":11,"href":"http:\/\/biston-plin.com\/index.php\/wp-json\/wp\/v2\/pages\/157\/revisions"}],"predecessor-version":[{"id":199,"href":"http:\/\/biston-plin.com\/index.php\/wp-json\/wp\/v2\/pages\/157\/revisions\/199"}],"wp:featuredmedia":[{"embeddable":true,"href":"http:\/\/biston-plin.com\/index.php\/wp-json\/wp\/v2\/media\/185"}],"wp:attachment":[{"href":"http:\/\/biston-plin.com\/index.php\/wp-json\/wp\/v2\/media?parent=157"}],"curies":[{"name":"wp","href":"https:\/\/api.w.org\/{rel}","templated":true}]}}