{"id":50,"date":"2015-09-06T13:27:10","date_gmt":"2015-09-06T13:27:10","guid":{"rendered":"http:\/\/biston-plin.com\/?page_id=50"},"modified":"2024-01-20T14:01:55","modified_gmt":"2024-01-20T14:01:55","slug":"auto-plin","status":"publish","type":"page","link":"http:\/\/biston-plin.com\/index.php\/auto-plin\/","title":{"rendered":"AUTO PLIN"},"content":{"rendered":"\n<p>Ukapljeni naftni plin mje\u0161avina je propana i butana. Namijenjen je za pogon automobila koji imaju ugra\u0111ene plinske ure\u0111aje. Autoplin se svrstava u energent koji najmanje zaga\u0111uje okoli\u0161 jer sagorijeva bez dima, \u010da\u0111e i neugodnih mirisa. Osim prednosti koje ima s gledi\u0161ta za\u0161tite okoli\u0161a i zdravlja, prednost kori\u0161tenja auto plina temelji se i na drugim pogodnostima: visoki oktanski broj, lako isparavanje, lako stvaranje homogenih smjesa i ekonomi\u010dnost. Stoga auto plin postaje sve popularnije gorivo za pogon motornih vozila.<\/p>\n\n\n\n<figure class=\"wp-block-image size-large\"><a href=\"https:\/\/biston-plin.com\/wp-content\/uploads\/2024\/01\/auto-plin-1.jpg\"><img loading=\"lazy\" width=\"1024\" height=\"768\" src=\"https:\/\/biston-plin.com\/wp-content\/uploads\/2024\/01\/auto-plin-1-1024x768.jpg\" alt=\"\" class=\"wp-image-480\" srcset=\"http:\/\/biston-plin.com\/wp-content\/uploads\/2024\/01\/auto-plin-1-1024x768.jpg 1024w, http:\/\/biston-plin.com\/wp-content\/uploads\/2024\/01\/auto-plin-1-300x225.jpg 300w, http:\/\/biston-plin.com\/wp-content\/uploads\/2024\/01\/auto-plin-1-768x576.jpg 768w, http:\/\/biston-plin.com\/wp-content\/uploads\/2024\/01\/auto-plin-1-1536x1152.jpg 1536w, http:\/\/biston-plin.com\/wp-content\/uploads\/2024\/01\/auto-plin-1.jpg 1600w\" sizes=\"(max-width: 1024px) 100vw, 1024px\" \/><\/a><\/figure>\n\n\n\n<figure class=\"wp-block-image size-large\"><a href=\"https:\/\/biston-plin.com\/wp-content\/uploads\/2024\/01\/auto-plin-2.jpg\"><img loading=\"lazy\" width=\"1024\" height=\"530\" src=\"https:\/\/biston-plin.com\/wp-content\/uploads\/2024\/01\/auto-plin-2-1024x530.jpg\" alt=\"\" class=\"wp-image-483\" srcset=\"http:\/\/biston-plin.com\/wp-content\/uploads\/2024\/01\/auto-plin-2-1024x530.jpg 1024w, http:\/\/biston-plin.com\/wp-content\/uploads\/2024\/01\/auto-plin-2-300x155.jpg 300w, http:\/\/biston-plin.com\/wp-content\/uploads\/2024\/01\/auto-plin-2-768x398.jpg 768w, http:\/\/biston-plin.com\/wp-content\/uploads\/2024\/01\/auto-plin-2-1536x796.jpg 1536w, http:\/\/biston-plin.com\/wp-content\/uploads\/2024\/01\/auto-plin-2.jpg 1892w\" sizes=\"(max-width: 1024px) 100vw, 1024px\" \/><\/a><\/figure>\n","protected":false},"excerpt":{"rendered":"<p>Ukapljeni naftni plin mje\u0161avina je propana i butana. Namijenjen je za pogon automobila koji imaju ugra\u0111ene plinske ure\u0111aje. Autoplin se svrstava u energent koji najmanje zaga\u0111uje okoli\u0161 jer sagorijeva bez dima, \u010da\u0111e i neugodnih mirisa. Osim prednosti koje ima s gledi\u0161ta za\u0161tite okoli\u0161a i zdravlja, prednost kori\u0161tenja auto plina temelji se i na drugim pogodnostima:&#8230;<\/p>\n","protected":false},"author":1,"featured_media":484,"parent":0,"menu_order":1,"comment_status":"closed","ping_status":"open","template":"","meta":[],"yoast_head":"<!-- This site is optimized with the Yoast SEO plugin v19.5.1 - https:\/\/yoast.com\/wordpress\/plugins\/seo\/ -->\n<title>G.S. PLIN d.o.o. - Biston plin | AUTO PLIN<\/title>\n<meta name=\"robots\" content=\"index, follow, max-snippet:-1, max-image-preview:large, max-video-preview:-1\" \/>\n<link rel=\"canonical\" href=\"http:\/\/biston-plin.com\/index.php\/auto-plin\/\" \/>\n<meta property=\"og:locale\" content=\"hr_HR\" \/>\n<meta property=\"og:type\" content=\"article\" \/>\n<meta property=\"og:title\" content=\"G.S. PLIN d.o.o. - Biston plin | AUTO PLIN\" \/>\n<meta property=\"og:description\" content=\"Ukapljeni naftni plin mje\u0161avina je propana i butana. Namijenjen je za pogon automobila koji imaju ugra\u0111ene plinske ure\u0111aje. Autoplin se svrstava u energent koji najmanje zaga\u0111uje okoli\u0161 jer sagorijeva bez dima, \u010da\u0111e i neugodnih mirisa. Osim prednosti koje ima s gledi\u0161ta za\u0161tite okoli\u0161a i zdravlja, prednost kori\u0161tenja auto plina temelji se i na drugim pogodnostima:...\" \/>\n<meta property=\"og:url\" content=\"http:\/\/biston-plin.com\/index.php\/auto-plin\/\" \/>\n<meta property=\"og:site_name\" content=\"G.S. PLIN d.o.o. - Biston plin\" \/>\n<meta property=\"article:modified_time\" content=\"2024-01-20T14:01:55+00:00\" \/>\n<meta property=\"og:image\" content=\"http:\/\/biston-plin.com\/wp-content\/uploads\/2024\/01\/auto-plin-1-1.jpg\" \/>\n\t<meta property=\"og:image:width\" content=\"1600\" \/>\n\t<meta property=\"og:image:height\" content=\"1200\" \/>\n\t<meta property=\"og:image:type\" content=\"image\/jpeg\" \/>\n<meta name=\"twitter:card\" content=\"summary\" \/>\n<meta name=\"twitter:label1\" content=\"Procijenjeno vrijeme \u010ditanja\" \/>\n\t<meta name=\"twitter:data1\" content=\"1 minuta\" \/>\n<script type=\"application\/ld+json\" class=\"yoast-schema-graph\">{\"@context\":\"https:\/\/schema.org\",\"@graph\":[{\"@type\":\"WebPage\",\"@id\":\"http:\/\/biston-plin.com\/index.php\/auto-plin\/\",\"url\":\"http:\/\/biston-plin.com\/index.php\/auto-plin\/\",\"name\":\"G.S. PLIN d.o.o. - Biston plin | AUTO PLIN\",\"isPartOf\":{\"@id\":\"https:\/\/biston-plin.com\/#website\"},\"datePublished\":\"2015-09-06T13:27:10+00:00\",\"dateModified\":\"2024-01-20T14:01:55+00:00\",\"breadcrumb\":{\"@id\":\"http:\/\/biston-plin.com\/index.php\/auto-plin\/#breadcrumb\"},\"inLanguage\":\"hr\",\"potentialAction\":[{\"@type\":\"ReadAction\",\"target\":[\"http:\/\/biston-plin.com\/index.php\/auto-plin\/\"]}]},{\"@type\":\"BreadcrumbList\",\"@id\":\"http:\/\/biston-plin.com\/index.php\/auto-plin\/#breadcrumb\",\"itemListElement\":[{\"@type\":\"ListItem\",\"position\":1,\"name\":\"Po\u010detna stranica\",\"item\":\"https:\/\/biston-plin.com\/\"},{\"@type\":\"ListItem\",\"position\":2,\"name\":\"AUTO PLIN\"}]},{\"@type\":\"WebSite\",\"@id\":\"https:\/\/biston-plin.com\/#website\",\"url\":\"https:\/\/biston-plin.com\/\",\"name\":\"G.S. PLIN d.o.o. - Biston plin\",\"description\":\"Prodaja i dostava plina\",\"potentialAction\":[{\"@type\":\"SearchAction\",\"target\":{\"@type\":\"EntryPoint\",\"urlTemplate\":\"https:\/\/biston-plin.com\/?s={search_term_string}\"},\"query-input\":\"required name=search_term_string\"}],\"inLanguage\":\"hr\"}]}<\/script>\n<!-- \/ Yoast SEO plugin. -->","yoast_head_json":{"title":"G.S. PLIN d.o.o. - Biston plin | AUTO PLIN","robots":{"index":"index","follow":"follow","max-snippet":"max-snippet:-1","max-image-preview":"max-image-preview:large","max-video-preview":"max-video-preview:-1"},"canonical":"http:\/\/biston-plin.com\/index.php\/auto-plin\/","og_locale":"hr_HR","og_type":"article","og_title":"G.S. PLIN d.o.o. - Biston plin | AUTO PLIN","og_description":"Ukapljeni naftni plin mje\u0161avina je propana i butana. Namijenjen je za pogon automobila koji imaju ugra\u0111ene plinske ure\u0111aje. Autoplin se svrstava u energent koji najmanje zaga\u0111uje okoli\u0161 jer sagorijeva bez dima, \u010da\u0111e i neugodnih mirisa. Osim prednosti koje ima s gledi\u0161ta za\u0161tite okoli\u0161a i zdravlja, prednost kori\u0161tenja auto plina temelji se i na drugim pogodnostima:...","og_url":"http:\/\/biston-plin.com\/index.php\/auto-plin\/","og_site_name":"G.S. PLIN d.o.o. - Biston plin","article_modified_time":"2024-01-20T14:01:55+00:00","og_image":[{"width":1600,"height":1200,"url":"http:\/\/biston-plin.com\/wp-content\/uploads\/2024\/01\/auto-plin-1-1.jpg","type":"image\/jpeg"}],"twitter_card":"summary","twitter_misc":{"Procijenjeno vrijeme \u010ditanja":"1 minuta"},"schema":{"@context":"https:\/\/schema.org","@graph":[{"@type":"WebPage","@id":"http:\/\/biston-plin.com\/index.php\/auto-plin\/","url":"http:\/\/biston-plin.com\/index.php\/auto-plin\/","name":"G.S. PLIN d.o.o. - Biston plin | AUTO PLIN","isPartOf":{"@id":"https:\/\/biston-plin.com\/#website"},"datePublished":"2015-09-06T13:27:10+00:00","dateModified":"2024-01-20T14:01:55+00:00","breadcrumb":{"@id":"http:\/\/biston-plin.com\/index.php\/auto-plin\/#breadcrumb"},"inLanguage":"hr","potentialAction":[{"@type":"ReadAction","target":["http:\/\/biston-plin.com\/index.php\/auto-plin\/"]}]},{"@type":"BreadcrumbList","@id":"http:\/\/biston-plin.com\/index.php\/auto-plin\/#breadcrumb","itemListElement":[{"@type":"ListItem","position":1,"name":"Po\u010detna stranica","item":"https:\/\/biston-plin.com\/"},{"@type":"ListItem","position":2,"name":"AUTO PLIN"}]},{"@type":"WebSite","@id":"https:\/\/biston-plin.com\/#website","url":"https:\/\/biston-plin.com\/","name":"G.S. PLIN d.o.o. - Biston plin","description":"Prodaja i dostava plina","potentialAction":[{"@type":"SearchAction","target":{"@type":"EntryPoint","urlTemplate":"https:\/\/biston-plin.com\/?s={search_term_string}"},"query-input":"required name=search_term_string"}],"inLanguage":"hr"}]}},"_links":{"self":[{"href":"http:\/\/biston-plin.com\/index.php\/wp-json\/wp\/v2\/pages\/50"}],"collection":[{"href":"http:\/\/biston-plin.com\/index.php\/wp-json\/wp\/v2\/pages"}],"about":[{"href":"http:\/\/biston-plin.com\/index.php\/wp-json\/wp\/v2\/types\/page"}],"author":[{"embeddable":true,"href":"http:\/\/biston-plin.com\/index.php\/wp-json\/wp\/v2\/users\/1"}],"replies":[{"embeddable":true,"href":"http:\/\/biston-plin.com\/index.php\/wp-json\/wp\/v2\/comments?post=50"}],"version-history":[{"count":9,"href":"http:\/\/biston-plin.com\/index.php\/wp-json\/wp\/v2\/pages\/50\/revisions"}],"predecessor-version":[{"id":485,"href":"http:\/\/biston-plin.com\/index.php\/wp-json\/wp\/v2\/pages\/50\/revisions\/485"}],"wp:featuredmedia":[{"embeddable":true,"href":"http:\/\/biston-plin.com\/index.php\/wp-json\/wp\/v2\/media\/484"}],"wp:attachment":[{"href":"http:\/\/biston-plin.com\/index.php\/wp-json\/wp\/v2\/media?parent=50"}],"curies":[{"name":"wp","href":"https:\/\/api.w.org\/{rel}","templated":true}]}}